 digit of m?
1
Suppose -11*k + 59044 = 2*w - 14*k, 0 = 5*w + k - 147661. What is the hundreds digit of w?
5
Let n(d) = -144*d + 25725. What is the units digit of n(0)?
5
Let m = 44480 - 28545. What is the hundreds digit of m?
9
Suppose -6*d = 3*d + 72. Let r(s) = 2*s**3 + 12*s**2 + s - 3. Let a be r(d). What is the units digit of 21*(a/(-39) + 6/39)?
7
Suppose 15 = 4*d + 15. Suppose 4*l - 8*l + 1220 = d. What is the tens digit of l?
0
Suppose 3*z - z - 867 = 3*j, -433 = -z + j. Suppose -15*q = q - z. What is the units digit of q?
7
Let j(r) = -58*r**3 - 6*r**2 - 13*r - 16. What is the units digit of j(-6)?
4
Let j(a) be the third derivative of a**6/60 + 5*a**4/4 + 5*a**3/2 + 78*a**2. What is the units digit of j(7)?
1
Suppose -9*i + 539318 = -7*i + 24*i. What is the tens digit of i?
4
Suppose 10284*f - 132312 = 10272*f. What is the hundreds digit of f?
0
Let a be (-60)/(-36) - (-2)/(-3). Suppose -2*v - 3*i - a + 0 = 0, -4*v + 22 = -2*i. Suppose v*w - 20 = 264. What is the tens digit of w?
7
Let n = 1826 - 1271. What is the hundreds digit of (-1)/4*-28 + n?
5
What is the units digit of (1*(1 - 1767))/(56/(-84))?
9
Let m(v) = -2*v - 1. Let t(i) = -305*i + 45. Let a(w) = 4*m(w) - t(w). What is the tens digit of a(3)?
4
Suppose 7*g - 24 - 11 = 0. Suppose -24 - 6 = g*n. Let f = n - -78. What is the tens digit of f?
7
Let w(y) = -13 + 1 - 6*y**2 + 6*y + 7*y**2. Let v be w(4). Suppose v*k - 23*k - 1165 = 0. What is the hundreds digit of k?
2
Suppose 3*o - 8*r - 354 = 69866, -23418 = -o - 3*r. What is the thousands digit of o?
3
Let r = 6382 - 4849. What is the tens digit of r?
3
Suppose -3*z + 7*z - 50648 = 2*g, 5*g + 30 = 0. What is the thousands digit of z?
2
Let d(i) = 1507*i**2 - 101*i - 378. What is the tens digit of d(-4)?
3
Suppose 80 = w - 61. Let j = -62 + w. Suppose j + 155 = 2*b. What is the hundreds digit of b?
1
Suppose 98*t = 53806 + 21458. What is the units digit of t?
8
Let j be (-140)/(-20) - (-1 + -1)/(-1). Suppose 3*v = 4*l + 2*v + 258, j*l + 310 = -5*v. Let k = l + 69. What is the units digit of k?
5
Let d = 12 + -10. Suppose d*u + 6*u = 152. Suppose 2*b - u = b. What is the tens digit of b?
1
Suppose -10 = 4*c + 10, 5*h = -4*c + 1195. Suppose 5*q - 11 = 9. Suppose 281 = q*f - h. What is the units digit of f?
1
Let f = 558 + -90. Let m(q) = 2*q - 5. Let p be m(5). Suppose f = 3*j + p*h, -6*h + h = j - 146. What is the tens digit of j?
6
Suppose 0 = -17*u + 2*u + 23910. Suppose 18*r + u = 8416. What is the tens digit of r?
7
Suppose 0*f = 7*f. Suppose -2*u + 5*u = -v, f = -3*v + 3*u. Suppose 4*a + 108 = y - v*a, -3*y - 3*a + 339 = 0. What is the hundreds digit of y?
1
Let x be ((-265)/(-10) - -5)*2. Let f = x + 60. What is the units digit of f?
3
Let n be (-3)/(126/35 - 3). What is the tens digit of 1/(6/3474) - n?
8
Suppose 5*n = y - 24, -3*y - n + 24 = -4*n. Suppose 1051 = y*d - 297. What is the hundreds digit of d?
3
Suppose 2*z = -2*r + 3170, -3*r - 10*z + 8*z = -4755. What is the tens digit of r?
8
Suppose 0 = 6*o - 3*p - 450047 + 105998, p = 5. What is the units digit of o?
4
Suppose -16 = -4*m - 2*q, 2*q = 4*m - 8 - 0. Let l = -5 - -7. Suppose -i - m*i - 147 = -3*a, i + 93 = l*a. What is the tens digit of a?
4
Suppose 0 = 287*b - 326*b + 118833. What is the units digit of b?
7
Suppose q = -2*i - q - 2114, 5267 = -5*i + q. Let m = i - -1503. What is the units digit of m?
9
Let k be ((-104)/(-10) - 10) + 3833/5. Let x = -275 + k. What is the tens digit of x?
9
Let b = 10110 - 2319. What is the units digit of b?
1
Suppose 28242 + 1158 = 14*s. Suppose 2*p + 11*n = 9*n + 1038, 4*p - 2*n - s = 0. What is the units digit of p?
3
Let k = 144 - 129. Suppose -k*w + 8*w = -4907. What is the hundreds digit of w?
7
Let d = -5487 + 15705. Suppose 40*z - 262 = d. What is the units digit of z?
2
Suppose v + 3*k = -v + 66086, 0 = -4*v + 4*k + 132252. What is the units digit of v?
5
Let g(v) = -v**3 - 3*v**2 + 7*v + 16. Let a be g(-4). Let b(i) = -i + 9. Let p be b(a). Suppose 3 = 5*x - 12, -560 = -5*t - p*x. What is the tens digit of t?
0
Let z(a) = -5*a - 64. Let g be z(-13). What is the tens digit of -50 + 46 + g + -1 + 830?
2
Suppose 4*t = 5*c - 40, t - 32 = -0*c - 4*c. Suppose 0 = -c*h + 13*h + 15. What is the units digit of (546/65)/(h/(-10))?
8
Let w(m) = -m**2 - 11*m - 19. Let k(x) = -x + 9. Let q be k(4). Suppose 0 = -4*l - s - 20, 5 + q = -3*l - 2*s. What is the units digit of w(l)?
1
Let o(h) = h**3 + 5*h**2 - 11. Let g be o(-4). Suppose 99 + 51 = g*f. Suppose 11*m - 8*m = f. What is the tens digit of m?
1
Let x(o) = -o**3 + 11*o**2 - 10*o - 18. Suppose 3*t + t + 4*b = 56, -5*t = -4*b - 34. Let a be x(t). What is the tens digit of (0 - -3)/a + (-2653)/(-42)?
6
Let a = -39 - -41. Suppose -a*v = -2*k + 1192, -2*k + 549 = 2*v - 643. What is the hundreds digit of k?
5
Suppose 2*n = -4*y + 46, -5*n = -0*y - 3*y + 67. Let s(p) = -p**3 + 13*p**2 + 13*p + 11. Let q be s(y). What is the units digit of (-3 - (q - 4)) + 42?
6
Suppose v + 10*v - 1705 = 0. Suppose -s - 5*d + 216 + v = 0, s + d = 383. What is the hundreds digit of s?
3
Let x(u) = 110*u + 8. Let r be x(14). Suppose -40*p - r = -43*p. What is the hundreds digit of p?
5
Let m be (-9)/(-6)*(-70)/(-15). Suppose 6*a + m + 287 = 0. Let t = a + 205. What is the hundreds digit of t?
1
Suppose 68555 = 36*w - 97441. What is the units digit of w?
1
Let j be 2/(-14) + 36/(-42) + -1. Let b be -111 + j/6*-6. What is the units digit of b/(-2) - (-6)/12?
5
Let d = -29566 + 52596. What is the thousands digit of d?
3
Let i(l) = l**3 + 9*l**2 + 2*l - 3. Let k be i(-8). Let a(y) = 5*y**3 - 2*y**2 - 7*y + 11. Let p be a(2). Let t = p + k. What is the units digit of t?
4
Let u = 14094 - 6669. What is the thousands digit of u?
7
Let l(u) = -2*u**2 + 4*u + 567. Let b be l(0). Suppose 0 = 3*p + 5*h - b, -5*h - 403 = -2*p - 0*h. What is the hundreds digit of p?
1
Let j = 14 + -12. What is the tens digit of (9/(-15))/(j/(-820))?
4
Let d(x) = -48 - 45 - 62 + 58*x**2 + 113 + 13*x. What is the hundreds digit of d(3)?
5
Suppose -608*i + 606*i = -4. Suppose -g + z = i*z - 64, 0 = -2*z - 4. What is the tens digit of g?
6
Let l(m) = m**2 - 5*m - 7. Let z be l(6). Let o = -1904 + 1906. What is the units digit of z/o*1*(-3 + -155)?
9
Let w be 4/(-6)*(-9)/1. Suppose w*m - 120 = 78. Let h = 39 + m. What is the units digit of h?
2
Let z = -173 + 169. What is the tens digit of ((-4 + z)/4)/(4/(-192))?
9
Let s be 168/(-70)*20/6. What is the tens digit of (2884/s)/(15/(-30))?
2
Suppose 0 = 5*j - 5*u - 73590 - 68945, -2*j - 5*u = -57014. What is the hundreds digit of j?
5
Suppose -5*m + 340 = -410. Suppose -9*b - m = -4*b. What is the tens digit of ((-10)/b)/(2/738)?
2
Let i(d) = -d**3 - 13*d**2 - 25*d - 25. Let j be i(-9). Let p = j - -325. What is the units digit of p?
1
Let f = -2889 - -4922. What is the tens digit of f?
3
Let p(i) be the second derivative of -17*i**3/3 - 6*i**2 - 2*i. Suppose 3266*h + 36 = 3257*h. What is the units digit of p(h)?
4
Let t(x) be the second derivative of 11*x**6/720 - x**5/40 + 5*x**4/4 + 11*x. Let p(j) be the third derivative of t(j). What is the units digit of p(2)?
9
Let n = 1016 - -6606. What is the tens digit of n?
2
What is the units digit of 14606/2 - (24/40 + (-66)/10)?
9
What is the units digit of (54/10 - 12)/((-3)/1275)?
5
Suppose 1816 = -3*m + 5*m + 4*a, 0 = 3*m - 5*a - 2768. Let v(n) = 227*n - 736. Let g be v(4). Suppose -g + m = 6*k. What is the hundreds digit of k?
1
Let r(p) = -2060*p - 1622. What is the hundreds digit of r(-3)?
5
What is the units digit of 35661/(((-5)/(-2))/(-5)*(-76 + 73))?
4
Let u(x) = x**3 - 3*x**2 - 9*x + 19. Let j be u(4). What is the units digit of (j/(-4) + 11/4)*93?
9
Suppose -236*n = -238*n + 48. What is the tens digit of n/(-14)*(-9898)/28?
0
Suppose 510*z - 493*z - 42177 = 20893. What is the hundreds digit of z?
7
What is the units digit of (10/7)/(2805432/(-5611088) - (-4)/8)?
0
Let g(n) = -n**3 + 21*n**2 - 15*n - 30. Let l be g(20). Suppose l*d = 68*d + 102. What is the tens digit of d?
5
Let g(h) = 399*h**2 + 44*h - 46. What is the hundreds digit of g(9)?
6
Let k(q) = -7*q**2 + 11*q - 42. Let l be k(9). Let h = -361 - l. What is the units digit of h?
9
Let z = -754 - -1940. What is the units digit of (165/55)/(6/z)?
3
Let o be 86/(-16